umber?
True
Is 681985 a composite number?
True
Is 557881 a prime number?
False
Is 17807 composite?
False
Is 1158055 a composite number?
True
Is 236389 prime?
False
Is 247141 prime?
True
Is 557241 a composite number?
True
Is 615997 a prime number?
True
Is 135989 a composite number?
True
Is 628579 a composite number?
True
Is 162641 composite?
False
Is 13259 composite?
False
Is 6469 prime?
True
Is 778621 a composite number?
True
Is 212689 a composite number?
True
Is 72421 a composite number?
False
Is 27923 a composite number?
True
Is 211 composite?
False
Is 941 composite?
False
Is 28051 composite?
False
Is 335941 a composite number?
False
Is 7369 a prime number?
True
Is 2923 prime?
False
Is 421757 a composite number?
True
Is 326831 a prime number?
True
Is 27629 composite?
True
Is 3669 prime?
False
Is 28803 composite?
True
Is 61861 a composite number?
False
Is 6197 prime?
True
Is 27453 composite?
True
Is 32887 a composite number?
False
Is 10007 a composite number?
False
Is 77753 a composite number?
True
Is 3299 prime?
True
Is 63521 a prime number?
True
Is 8389 a prime number?
True
Is 5879 composite?
False
Is 1949 a prime number?
True
Is 161371 composite?
True
Is 4391 prime?
True
Is 11027 a composite number?
False
Is 133291 prime?
False
Is 8726 a composite number?
True
Is 2045 composite?
True
Is 120685 a prime number?
False
Is 20329 a prime number?
False
Is 133219 a composite number?
True
Is 53 a prime number?
True
Is 7807 a composite number?
True
Is 143043 a composite number?
True
Is 907 a composite number?
False
Is 4903 composite?
False
Is 33563 composite?
False
Is 23645 composite?
True
Is 63787 a prime number?
False
Is 19235 a composite number?
True
Is 86947 a prime number?
False
Is 75833 a composite number?
False
Is 37231 a prime number?
False
Is 1907601 composite?
True
Is 188897 prime?
False
Is 7003 a composite number?
True
Is 104107 a prime number?
True
Is 26066 a prime number?
False
Is 198229 a prime number?
False
Is 52433 a prime number?
True
Is 123974 a composite number?
True
Is 5583 prime?
False
Is 10331 a prime number?
True
Is 280531 a prime number?
False
Is 166811 a prime number?
False
Is 3593 a composite number?
False
Is 15441 composite?
True
Is 60787 a prime number?
False
Is 143755 a composite number?
True
Is 721891 composite?
False
Is 12451 a composite number?
False
Is 215714 a composite number?
True
Is 126053 a prime number?
False
Is 243851 a composite number?
False
Is 86551 prime?
False
Is 89891 a prime number?
True
Is 1395943 a prime number?
True
Is 14699 composite?
False
Is 29651 a prime number?
False
Is 15187 prime?
True
Is 1364663 prime?
True
Is 34583 a composite number?
False
Is 23995 prime?
False
Is 1177387 a composite number?
False
Is 11003 prime?
True
Is 96569 prime?
False
Is 36749 a composite number?
False
Is 789017 a prime number?
True
Is 1607293 a composite number?
False
Is 131407 a prime number?
False
Is 141187 a prime number?
False
Is 14369 prime?
True
Is 680613 a composite number?
True
Is 102043 a prime number?
True
Is 83633 a prime number?
False
Is 495077 composite?
True
Is 34553 a prime number?
False
Is 321109 a prime number?
True
Is 121773 a composite number?
True
Is 5209 prime?
True
Is 2045 composite?
True
Is 369781 a composite number?
True
Is 9977 a prime number?
False
Is 38463 composite?
True
Is 206993 a composite number?
False
Is 19121 a composite number?
False
Is 2605543 composite?
False
Is 3374885 a prime number?
False
Is 82213 a composite number?
True
Is 1543 a composite number?
False
Is 2053 a composite number?
False
Is 24457 a prime number?
False
Is 5276711 composite?
True
Is 3959 a prime number?
False
Is 162937 prime?
True
Is 89321 composite?
True
Is 573967 a composite number?
False
Is 25547 a prime number?
False
Is 53671 a prime number?
False
Is 4049 prime?
True
Is 190769 prime?
True
Is 221101 a prime number?
True
Is 519 a prime number?
False
Is 2326045 a prime number?
False
Is 44747 a composite number?
True
Is 4321 a composite number?
True
Is 100509 a prime number?
False
Is 14971 composite?
True
Is 53809 a prime number?
False
Is 607897 prime?
False
Is 54271 composite?
True
Is 46237 a prime number?
True
Is 479701 a prime number?
True
Is 967 a composite number?
False
Is 19301 a composite number?
False
Is 577957 prime?
True
Is 557153 composite?
False
Is 187699 a prime number?
True
Is 5773 prime?
False
Is 5987 a prime number?
True
Is 3781 a composite number?
True
Is 11657 a composite number?
False
Is 1847 a composite number?
False
Is 1051051 a composite number?
False
Is 62767 a composite number?
True
Is 353258 prime?
False
Is 29663 composite?
False
Is 72613 a prime number?
True
Is 478034 prime?
False
Is 865681 a prime number?
True
Is 451981 prime?
False
Is 3527 a prime number?
True
Is 33923 prime?
True
Is 32917 a prime number?
True
Is 47858 prime?
False
Is 291 composite?
True
Is 151367 composite?
True
Is 12661 a composite number?
True
Is 526583 composite?
False
Is 465631 composite?
False
Is 4087 composite?
True
Is 43499 composite?
False
Is 132403 composite?
False
Is 23089 composite?
True
Is 1823 a composite number?
False
Is 37781 a composite number?
False
Is 167149 prime?
True
Is 28783 composite?
True
Is 3433 a prime number?
True
Is 20019 a composite number?
True
Is 527869 a prime number?
True
Is 34649 a composite number?
False
Is 50117 a composite number?
True
Is 168479 a prime number?
False
Is 3256171 prime?
True
Is 9299 prime?
False
Is 13919 composite?
True
Is 11729 composite?
True
Is 477745 a prime number?
False
Is 51505 a composite number?
True
Is 745 composite?
True
Is 19289 prime?
True
Is 6718667 a composite number?
False
Is 195169 a composite number?
True
Is 173059 a composite number?
False
Is 60719 a composite number?
False
Is 21089 composite?
False
Is 5173 prime?
False
Is 17769 prime?
False
Is 245621 a prime number?
True
Is 358327 prime?
True
Is 2234 prime?
False
Is 6421 a prime number?
True
Is 190059 a composite number?
True
Is 686195 a prime number?
False
Is 404161 prime?
True
Is 26141 prime?
True
Is 1206851 a prime number?
False
Is 206 a composite number?
True
Is 84338 composite?
True
Is 83651 a composite number?
True
Is 2819 a prime number?
True
Is 73754 composite?
True
Is 192189 a composite number?
True
Is 9221 prime?
True
Is 9985 composite?
True
Is 490711 a composite number?
True
Is 2761 a prime number?
False
Is 784487 composite?
True
Is 347093 a prime number?
False
Is 1537 prime?
False
Is 179149 composite?
True
Is 79493 composite?
False
Is 30746 prime?
False
Is 9029 a prime number?
True
Is 6065 composite?
True
Is 23741 prime?
True
Is 18809 a composite number?
True
Is 5241 a composite number?
True
Is 193283 a composite number?
False
Is 68743 a prime number?
True
Is 119873 a composite number?
True
Is 577 composite?
False
Is 325939 a prime number?
True
Is 397519 a composite number?
False
Is 94099 composite?
False
Is 30047 composite?
False
Is 130337 composite?
False
Is 46117 prime?
False
Is 8651 a composite number?
True
Is 30449 prime?
True
Is 203587 a prime number?
False
Is 13751 a composite number?
False
Is 104483 composite?
True
Is 48277 composite?
True
Is 294383 composite?
False
Is 918301 a composite number?
False
Is 10765 a prime number?
False
Is 4693009 a composite number?
True
Is 14493 composite?
True
Is 18937 prime?
False
Is 585841 prime?
True
Is 778931 a prime number?
False
Is 76441 a prime number?
True
Is 258751 prime?
False
Is 6047 a prime number?
True
Is 36035 prime?
False
Is 20789 a prime number?
True
Is 16649 a prime number?
True
Is 101851 a composite number?
True
Is 6119 composite?
True
Is 83949 composite?
True
Is 158731 composite?
False
Is 3427 a prime number?
False
Is 188393 a composite number?
True
Is 15713 prime?
False
Is 5261 composite?
False
Is 31643 composite?
False
Is 4657 a composite number?
False
Is 531082 prime?
False
Is 490883 prime?
False
Is 23717 a prime number?
False
Is 604223 a prime number?
True
Is 1610183 composite?
False
Is 33911 prime?
True
Is 1589941 a composite number?
False
Is 8419 a composite number?
False
Is 73453 composite?
False
Is 275173 a composite number?
True
Is 79379 composite?
False
Is 14971 prime?
False
Is 44839 composite?
False
Is 3491831 a prime number?
False
Is 41527 prime?
False
Is 11239 a composite number?
False
Is 62099 composite?
Fals